-31
Convert 1 (base 14) to base 8.
1
-32 (base 8) to base 9
-28
Convert 3 (base 6) to base 13.
3
What is 20 (base 3) in base 12?
6
-2 (base 13) to base 8
-2
Convert 156 (base 7) to base 11.
82
What is -45 (base 8) in base 4?
-211
-202 (base 6) to base 14
-54
What is 24 (base 6) in base 8?
20
Convert 23 (base 8) to base 13.
16
Convert 1 (base 15) to base 9.
1
154 (base 9) to base 5
1010
Convert -23 (base 16) to base 7.
-50
What is -200 (base 3) in base 7?
-24
Convert 45 (base 8) to base 3.
1101
Convert 100101 (base 2) to base 10.
37
What is 10a (base 16) in base 8?
412
-88 (base 11) to base 7
-165
Convert -2 (base 7) to base 2.
-10
-34 (base 7) to base 3
-221
Convert 4 (base 9) to base 10.
4
What is -120 (base 6) in base 5?
-143
What is 14 (base 8) in base 2?
1100
Convert 21 (base 7) to base 12.
13
3 (base 9) to base 2
11
Convert -23 (base 4) to base 9.
-12
What is -1 (base 5) in base 15?
-1
Convert 37 (base 13) to base 4.
232
8 (base 9) to base 10
8
6 (base 16) to base 8
6
What is 54 (base 6) in base 4?
202
-3 (base 14) to base 4
-3
What is 133 (base 8) in base 13?
70
-1 (base 7) to base 9
-1
What is -112 (base 3) in base 10?
-14
7 (base 11) to base 9
7
What is -8 (base 15) in base 3?
-22
-d (base 15) to base 7
-16
What is 220 (base 4) in base 8?
50
What is -1 (base 16) in base 12?
-1
-1102 (base 3) to base 6
-102
14 (base 6) to base 15
a
Convert -1 (base 4) to base 2.
-1
Convert -223 (base 4) to base 15.
-2d
2010 (base 3) to base 15
3c
What is -4 (base 7) in base 5?
-4
203 (base 10) to base 5
1303
What is -17 (base 15) in base 11?
-20
What is 10 (base 2) in base 15?
2
What is -450 (base 6) in base 3?
-20110
6 (base 10) to base 6
10
What is -2 (base 6) in base 10?
-2
What is -4 (base 11) in base 15?
-4
-2a (base 15) to base 7
-55
What is 23 (base 11) in base 6?
41
Convert -1 (base 2) to base 15.
-1
112 (base 3) to base 4
32
What is -1 (base 16) in base 14?
-1
Convert -204 (base 11) to base 3.
-100010
-1101 (base 2) to base 5
-23
Convert 1 (base 9) to base 2.
1
b (base 15) to base 7
14
Convert -1 (base 13) to base 8.
-1
51 (base 6) to base 9
34
Convert 7 (base 15) to base 5.
12
209 (base 10) to base 16
d1
What is 111001 (base 2) in base 10?
57
6 (base 9) to base 11
6
Convert -1222 (base 3) to base 16.
-35
Convert 14 (base 14) to base 8.
22
Convert -4 (base 14) to base 7.
-4
Convert 190 (base 10) to base 16.
be
6 (base 11) to base 6
10
Convert -83 (base 10) to base 15.
-58
11 (base 6) to base 4
13
What is -10110010 (base 2) in base 16?
-b2
Convert 2 (base 9) to base 12.
2
What is -24 (base 5) in base 14?
-10
What is 4 (base 9) in base 7?
4
Convert 11 (base 7) to base 4.
20
2 (base 9) to base 4
2
Convert 20 (base 12) to base 7.
33
What is -106 (base 9) in base 5?
-322
What is 12 (base 4) in base 6?
10
What is 14 (base 9) in base 12?
11
-11002 (base 3) to base 16
-6e
What is 1b (base 13) in base 9?
26
What is -a (base 12) in base 15?
-a
What is 134 (base 11) in base 7?
314
What is -1 (base 8) in base 6?
-1
1022 (base 3) to base 2
100011
3 (base 8) to base 7
3
What is 31 (base 5) in base 13?
13
-14 (base 6) to base 5
-20
What is 11 (base 4) in base 2?
101
Convert 0 (base 8) to base 6.
0
0 (base 3) to base 9
0
Convert 227 (base 13) to base 9.
452
Convert -21 (base 3) to base 8.
-7
-11 (base 10) to base 14
-b
What is a4 (base 11) in base 4?
1302
What is -57 (base 11) in base 7?
-116
What is -101111 (base 2) in base 10?
-47
-4 (base 14) to base 9
-4
Convert 3 (base 8) to base 11.
3
e (base 16) to base 7
20
-13 (base 5) to base 8
-10
What is -28 (base 16) in base 5?
-130
What is 344 (base 5) in base 15?
69
0 (base 7) to base 8
0
Convert 3 (base 10) to base 8.
3
What is -11 (base 3) in base 14?
-4
What is 520 (base 7) in base 11?
216
-11 (base 7) to base 6
-12
What is -34 (base 9) in base 2?
-11111
What is -103 (base 5) in base 6?
-44
54 (base 8) to base 15
2e
What is 32 (base 6) in base 4?
110
What is -12 (base 8) in base 2?
-1010
What is -31 (base 6) in base 13?
-16
Convert 200 (base 3) to base 6.
30
Convert -1 (base 15) to base 9.
-1
What is -52 (base 9) in base 6?
-115
9a (base 14) to base 10
136
What is -215 (base 8) in base 13?
-ab
101 (base 2) to base 13
5
101000 (base 2) to base 16
28
What is -2 (base 11) in base 5?
-2
125 (base 6) to base 15
38
23 (base 6) to base 7
21
6 (base 7) to base 9
6
Convert 25 (base 13) to base 16.
1f
What is -332 (base 4) in base 5?
-222
Convert -5 (base 15) to base 7.
-5
Convert 110 (base 2) to base 12.
6
Convert -2 (base 5) to base 11.
-2
What is 22 (base 3) in base 12?
8
What is 3 (base 15) in base 14?
3
Convert 13 (base 14) to base 4.
101
What is 11 (base 3) in base 2?
100
2101 (base 3) to base 9
71
What is -1c (base 16) in base 8?
-34
-31 (base 12) to base 4
-211
Convert -37 (base 8) to base 16.
-1f
5 (base 10) to base 12
5
-2 (base 4) to base 11
-2
What is -3b (base 13) in base 3?
-1212
What is -a (base 11) in base 9?
-11
What is -95 (base 14) in base 7?
-245
-110 (base 2) to base 7
-6
-28 (base 16) to base 6
-104
Convert -50 (base 7) to base 5.
-120
Convert 22 (base 4) to base 14.
a
1c (base 15) to base 6
43
-e0 (base 15) to base 5
-1320
14 (base 5) to base 13
9
-107 (base 14) to base 5
-1303
-15 (base 14) to base 3
-201
What is -4 (base 10) in base 3?
-11
-8 (base 16) to base 9
-8
Convert -21 (base 16) to base 14.
-25
Convert -2 (base 13) to base 6.
-2
What is 130 (base 11) in base 16?
9a
2 (base 7) to base 6
2
Convert 12 (base 12) to base 10.
14
-220 (base 5) to base 15
-40
Convert -1001001 (base 2) to base 8.
-111
Convert -7 (base 9) to base 14.
-7
Convert 301 (base 9) to base 6.
1044
-4 (base 7) to base 15
-4
-11 (base 11) to base 2
-1100
Convert -37 (base 16) to base 12.
-47
Convert -143 (base 5) to base 3.
-1210
1 (base 10) to base 5
1
222 (base 3) to base 7
35
11 (base 4) to base 7
5
What is 3 (base 15) in base 12?
3
10 (base 9) to base 7
12
101101 (base 2) to base 15
30
1331 (base 5) to base 7
426
0 (base 5) to base 10
0
What is -11 (base 4) in base 9?
-5
Convert 0 (base 13) to base 11.
0
-48 (base 10) to base 14
-36
What is 3 (base 10) in base 14?
3
-2 (base 14) to base 15
-2
Convert 169 (base 11) to base 7.
400
What is 171 (base 10) in base 9?
210
What is -b4 (base 16) in base 11?
-154
-27 (base 8) to base 13
-1a
What is -4 (base 14) in base 4?
-10
Convert -14 (base 8) to base 4.
-30
Convert 25 (base 11) to base 4.
123
What is 1 (base 2) in base 4?
1
Convert 0 (base 2) to base 8.
0
Convert 333 (base 5) to base 12.
79
What is 1010110 (base 2) in base 15?
5b
-7 (base 15) to base 13
-7
Convert -b (base 14) to base 8.
-13
Convert -b (base 14) to base 16.
-b
Convert -11 (base 5) to base 14.
-6
37 (base 9) to base 7
46
What is 114 (base 10) in base 9?
136
Convert 43 (base 7) to base 3.
1011
-21 (base 15) to base 2
-11111
-101 (base 3) to base 2
-1010
What is 1 (base 15) in base 4?
1
Convert -2 (base 7) to base 9.
-2
-20 (base 3) to base 15
-6
-2 (base 3) to base 10
-2
Convert 62 (base 14) to base 4.
1112
-6 (base 8) to base 3
-20
What is -2 (base 12) in base 15?
-2
Convert 3a (base 16) to base 12.
4a
3 (base 15) to base 9
3
3 (base 8) to base 10
3
-1 (base 16) to base 2
-1
-14 (base 7) to base 13
-b
What is 18 (base 14) in base 10?
22
Convert 131 (base 8) to base 9.
108
Convert -6 (base 9) to base 2.
-110
What is 47 (base 10) in base 7?
65
Convert d (base 15) to base 9.
14
Convert -1 (base 2) to base 10.
-1
1 (base 9) to base 14
1
What is -1 (base 16) in base 13?
-1
What is -212 (base 3) in base 16?
-17
Convert -4 (base 11) to base 3.
-11
What is -9 (base 15) in base 10?
-9
Convert 0 (base 8) to base 5.
0
Convert 54 (base 13) to base 10.
69
30 (base 6) to base 4
102
210 (base 3) to base 9
23
Convert 156 (base 9) to base 13.
a2
What is -7 (base 9) in base 5?
-12
Convert 14 (base 5) to base 3.
100
b6 (base 15) to base 9
210
Convert 1 (base 8) to base 6.
1
8 (base 15) to base 2
1000
What is a8 (base 12) in base 5?
1003
-14 (base 8) to base 11
-11
32 (base 9) to base 6
45
Convert -44 (base 5) to base 10.
-24
What is -5 (base 9) in base 5?
-10
What is -30 (base 7) in base 11?
-1a
5 (base 7) to base 14
5
What is 1 (base 9) in base 14?
1
What is -1 (base 7) in base 10?
-1
What is 4 (base 9) in base 12?
4
-6 (base 16) to base 12
-6
Convert -25 (base 11) to base 4.
-123
3 (base 13) to base 5
3
What is 1 (base 1